44
Let u(k) = 12*k + 1. Calculate u(-4).
-47
Let i(d) = -32*d - 315. Determine i(-11).
37
Let u(g) = -11*g - 19. Calculate u(-8).
69
Let t(s) = 27*s - 201. Give t(7).
-12
Let u(i) = i**3 + 7*i**2 + 6*i + 5. Determine u(-5).
25
Let h(m) = -m**2 - 7*m - 3. Give h(-5).
7
Let x(g) = -3*g**2 + 4. Calculate x(2).
-8
Let w(v) = -v**2 + v - 37. Determine w(0).
-37
Let r(j) = -j**3 + 2*j**2 + 5*j - 5. Calculate r(2).
5
Let s(q) = -q**2 - 14*q - 36. What is s(-3)?
-3
Let f(w) = -10*w**3 - 2*w**2 + 4*w - 3. Give f(1).
-11
Let c(i) = -6*i - 7. Determine c(-3).
11
Let r(d) = d**2 - 4*d + 1. Calculate r(4).
1
Let q(z) = -z**3 + 11*z**2 - 4*z + 15. What is q(10)?
75
Let y(o) = 7*o**2 + 42*o - 5. What is y(-6)?
-5
Let m(k) = 5*k - 16. What is m(3)?
-1
Let p(q) = -q**2 - 23*q - 37. What is p(-21)?
5
Let r(j) = 137*j + 961. Determine r(-7).
2
Let n(d) = -d**2 + 26*d - 108. Determine n(20).
12
Let m(o) = o**3 - o**2 + 2*o - 7. What is m(0)?
-7
Let o(u) = -3*u**2 - 3*u. Calculate o(-2).
-6
Let q(o) = 40*o - 127. Determine q(3).
-7
Let s(r) = r**3 + 14*r**2 + 13*r - 6. Calculate s(-13).
-6
Let h(z) = z**2 - 29*z - 67. Give h(31).
-5
Let r(q) = -10*q + 104. Determine r(8).
24
Let n(a) = 3*a**2 - a - 2. Calculate n(-3).
28
Let v(x) = -x**2 + 9*x + 10. What is v(9)?
10
Let a(l) = -l**2 + 9*l + 11. What is a(7)?
25
Let x(h) = h**3 - 15*h**2 - 2*h + 28. Calculate x(15).
-2
Let t(l) = -l**2 - 13*l + 12. Give t(-13).
12
Let k(u) = u + 12. Give k(-4).
8
Let q(m) = 31*m**2 - 2. Calculate q(-1).
29
Let v(o) = 21*o - 224. What is v(10)?
-14
Let c(i) = -i**3 - 16*i**2 - 9*i - 146. Determine c(-16).
-2
Let u(d) = -d**2 + d - 45. Calculate u(0).
-45
Let b(x) = 2*x**3 + x + 1. What is b(2)?
19
Let x(l) = 5*l + 12. Determine x(-4).
-8
Let c(v) = 4*v + 5. Determine c(8).
37
Let h(z) = -5*z + 183. Give h(34).
13
Let z(r) = 12*r - 51. What is z(6)?
21
Let z(b) = 6*b - 4. Calculate z(4).
20
Let o(z) = 4*z - 24. Give o(7).
4
Let v(u) = u**3 + 11*u**2 - 10*u - 6. What is v(-12)?
-30
Let h(y) = y - 11. Give h(-5).
-16
Let k(u) = -u**2 + 5*u + 27. What is k(-8)?
-77
Let r(g) = -g**3 - 7*g**2 + 10*g - 10. Give r(-8).
-26
Let l(m) = -m**3 - 8*m**2 - 14*m - 49. Determine l(-7).
0
Let h(w) = w**3 - w**2 + 3*w - 10. What is h(5)?
105
Let i(j) = -j**3 + 4*j**2 - j + 7. What is i(4)?
3
Let y(j) = -2*j**2 - 28*j + 6. Calculate y(-12).
54
Let s(p) = 4*p**3 + p**2 - 12. Give s(0).
-12
Let p(k) = -115*k**3 + 2*k**2 + 3*k + 2. Calculate p(-1).
116
Let c(j) = -2*j**3 + 4*j - 3. Determine c(2).
-11
Let s(f) = -9*f - 37. Calculate s(-7).
26
Let b(x) = -x**2 + 3*x - 5. Determine b(9).
-59
Let v(z) = 4*z + 56. Give v(-20).
-24
Let q(s) = -3*s + 4. Give q(2).
-2
Let c(p) = -p**3 + 6*p**2 - p - 4. Calculate c(5).
16
Let b(h) = 9*h - 255. Calculate b(28).
-3
Let q(v) = 12*v - 117. Determine q(10).
3
Let g(p) = p + 37. What is g(-26)?
11
Let i(t) = -t**3 - 15*t**2 - 2*t - 37. Give i(-15).
-7
Let s(m) = -22*m + 2. What is s(-1)?
24
Let f(t) = t**3 - 4*t - 6. Determine f(-3).
-21
Let x(p) = -p**3 - 17*p**2 + 19*p + 21. Give x(-18).
3
Let o(q) = 9*q**2 + q - 2. Determine o(2).
36
Let g(y) = 2*y**3 - 4*y**2 + 2. Give g(3).
20
Let y(x) = 3*x**2 + x - 49. What is y(-5)?
21
Let s(i) = 81*i**3 - 3*i**2 + 2*i + 1. Determine s(1).
81
Let g(i) = i**2 - 11*i + 25. Give g(8).
1
Let y(s) = s**3 - 5*s**2 + 2*s + 2. Determine y(4).
-6
Let t(d) = -d**2 + 5*d - 10. Determine t(10).
-60
Let l(d) = d**2 - 4*d - 7. What is l(6)?
5
Let n(w) = w - 30. Calculate n(0).
-30
Let z(b) = -b**2 - 22*b - 29. Calculate z(-20).
11
Let z(l) = l**3 - 5*l**2 + 2*l - 1. Give z(5).
9
Let k(f) = 43*f - 1. Give k(1).
42
Let q(k) = k**3 - 8*k**2 + 14*k - 8. What is q(6)?
4
Let q(h) = h**3 - 10*h**2 - 10*h - 3. What is q(11)?
8
Let z(q) = q**3 - 8*q**2 - 43*q - 33. Give z(12).
27
Let o(k) = -k**2 + 6*k - 20. What is o(6)?
-20
Let r(f) = f**3 - 6*f**2 - 5*f - 21. Give r(7).
-7
Let p(j) = -j**2 - 3*j + 3. Give p(-3).
3
Let s(x) = x - 12. Calculate s(14).
2
Let x(d) = -4*d + 1. Give x(2).
-7
Let b(v) = -v**2 - 9*v. Calculate b(-7).
14
Let r(v) = v**3 + 5*v**2 + 4. Give r(-5).
4
Let a(u) = -5*u + 13. Calculate a(3).
-2
Let x(f) = 4*f + 2. What is x(-3)?
-10
Let s(d) = -21*d - 5. Give s(-2).
37
Let j(y) = -y**2 + 2*y + 10. Calculate j(7).
-25
Let a(s) = -s**2 - s + 3. What is a(0)?
3
Let a(j) = -17*j - 35. Calculate a(-2).
-1
Let s(p) = 50*p. What is s(3)?
150
Let z(s) = -s**3 - 4*s**2 + 6*s + 2. Give z(-5).
-3
Let w(h) = h**3 + 12*h**2 + 12*h + 3. Determine w(-11).
-8
Let d(a) = 6*a**2 - 5*a + 12. Determine d(4).
88
Let v(u) = u**2 - 20*u + 12. Give v(20).
12
Let n(y) = 2*y**2 - 15*y - 15. Calculate n(-1).
2
Let s(m) = -3*m**2 + 9*m + 2. Determine s(7).
-82
Let o(d) = d - 13. Give o(14).
1
Let d(m) = 3*m + 60. Determine d(-23).
-9
Let w(c) = 10*c + 287. What is w(-27)?
17
Let s(u) = -u**2 - 8*u + 151. Give s(-16).
23
Let i(c) = 3*c**2 + 1. What is i(3)?
28
Let y(m) = 5*m - 29. Calculate y(6).
1
Let t(z) = -z**2 + 12*z + 17. Determine t(14).
-11
Let q(c) = -3*c + 1. Calculate q(-9).
28
Let m(s) = s**3 - 2*s**2 - s - 2. Determine m(2).
-4
Let u(y) = y**3 - 14*y**2 + 13*y - 49. Calculate u(13).
-49
Let q(a) = 2*a**3 + 3*a**2 - 3*a - 3. Give q(-2).
-1
Let p(c) = -c**3 + 7*c**2 - 7*c. Determine p(6).
-6
Let l(r) = r**2 + 25*r - 309. Calculate l(-34).
-3
Let x(s) = -s**2 + 8*s - 12. Give x(6).
0
Let o(w) = -2*w + 6. What is o(0)?
6
Let d(b) = -b + 3. Calculate d(3).
0
Let m(f) = f**2 - 23*f + 128. Determine m(14).
2
Let f(p) = -p**3 - 32*p**2 + 66*p - 63. What is f(-34)?
5
Let i(s) = -2*s + 28. Determine i(17).
-6
Let b(w) = 2*w - 18. Give b(0).
-18
Let h(d) = -2*d + 15. Calculate h(-12).
39
Let o(s) = -3*s**2 + 5*s + 7. Give o(5).
-43
Let v(k) = k**2 + 3*k - 33. Give v(0).
-33
Let j(m) = -m**3 + 10*m**2 - 11*m - 10. Calculate j(8).
30
Let q(h) = h**2 - 7*h - 15. What is q(9)?
3
Let h(i) = i**3 - 10*i**2 - 14*i - 4. Give h(11).
-37
Let n(d) = d**3 - d**2 - d. Give n(2).
2
Let p(x) = -5*x + 71. Calculate p(16).
-9
Let b(r) = r**2 - 8*r - 6. What is b(9)?
3
Let v(z) = z**3 + 12*z**2 + 21*z - 1. Give v(-10).
-11
Let v(q) = 7*q**2 + 10*q. Determine v(2).
48
Let h(w) = w**3 + 14*w**2 + 1. What is h(-14)?
1
Let b(a) = -a + 10. Give b(0).
10
Let j(z) = 9*z - 70. Calculate j(10).
20
Let r(o) = 15*o - 235. Calculate r(16).
5
Let l(w) = 2*w - 5. Give l(-2).
-9
Let b(v) = -v**3 - 13*v**2 + 30*v - 2. What is b(-15)?
-2
Let o(d) = 2*d + 2. Determine o(-16).
-30
Let s(n) = n + 3. Determine s(-1).
2
Let d(c) = 5*c**2 + 4*c + 4. What is d(-1)?
5
Let a(y) = -5*y**3 - 15*y**2 + 3*y + 6. What is a(-3)?
-3
Let l(n) = -n**3 + 4*n**2 + 3*n - 1. What is l(5)?
-11
Let y(f) = 2*f**2 - 46*f + 97. What is y(21)?
13
Let h(f) = 11*f**2 - 3*f + 2. Calculate h(2).
40
Let c(f) = 39*f**3 - 2*f**2 + 1. Determine c(-1).
-40
Let s(x) = 2*x + 55. What is s(-19)?
17
Let g(f) = -2*f**2 + 1. Calculate g(2).
-7
Let l(a) = -a**3 + 7*a + 7. Give l(-2).
1
Let z(a) = -9*a + 77. Give z(9).
-4
Let w(n) = -5*n**2 - 101*n - 18. Determine w(-20).
2
Let x(z) = z**3 - 21*z**2 + 17*z + 43. Calculate x(20).
-17
Let l(c) = c**3 + c**2 - 4*c - 13. What is l(0)?
-13
Let m(r) = -7*r - 14. Determine m(-2).
0
Let s(a) = a - 3. Determine s(6).
3
Let w(t) = -t**3 - 2*t**2 - 3*t - 3. What is w(-3)?
15
Let x(s) = 4*s - 13. Calculate x(8).
19
Let k(t) = 3*t**2 + 11*t - 2. Calculate k(-5).
18
Let c(y) = -y**2 + 39*y - 78. Calculate c(37).
-4
Let c(t) = 13*t + 11. What is c(-3)?
-28
Let x(r) = r**2 - 3*r - 15. What is x(6)?
3
Let d(g) = g**2 + 6*g + 6. Give d(-7).
13
Let k(x) = -9*x - 117. Give k(-17).
36
Let b(o) = -3*o**2 - o + 4. Give b(-2).
-6
Let a(g) = g**3 + 12*g**2 + 28*g - 34. Determine a(-8).
-2
Let g(r) = 12*r - 156. What is g(13)?
0
Let c(f) = 3*f**2 - 3*f - 4. Determine c(3).
14
Let f(t) = -2*t**2 + 27*t - 6. Give f(14).
-20
Let g(d) = -d**3 - 6*d**2 - 5*d + 7. Determine g(-5).
7
Let z(g) = g**3 + 9*g**2 + 7*g - 40. Calculate z(-7).
9
Let w(v) = v**2 + 10*v + 39. Determine w(-10).
39
Let k(a) = a**3 - 6*a**2 + 6*a + 2. Calculate k(6).
38
Let p(t) = t**3 + 12*t**2 + 21*t. What is p(-10)?
-10
Let c(v) = -19*v + 292. What is c(16)?
-12
Let l(z) = -8*z**2 + 2*z + 4. What is l(-4)?
-132
Let r(w) = 7*w - 100. Calculate r(13).
-9
Let k(c) = 3*c**2 - 13*c - 6. What is k(5)?
4
Let p(y) = -y**3 - y**2 + y + 63. Deter